u. Let r be s(3). Suppose 0 = -3*h - 2*h + 165. Calculate the greatest common factor of r and h.
3
Let a be (-3)/2*(5 - 3). Let n be a/4*2*-86. Suppose 6*f - 3*f = 3*m + n, -35 = -f + 5*m. Calculate the highest common divisor of 15 and f.
15
Let b(k) = 0 - 2 + 6*k + 7 - k**2. Suppose -4 = 2*l - 16. Let h be b(l). Calculate the greatest common divisor of h and 1.
1
Let h be (7/(-2))/(2/(-4)). Let m = 17 + -15. Suppose 0*w - m*w + 14 = 0. What is the highest common divisor of w and h?
7
Suppose j = 8 - 4. Let u(o) = 2*o**2 - 6. Let r be u(-5). What is the highest common divisor of j and r?
4
Let y be -2 - 42/(-9) - (-44)/33. Calculate the greatest common factor of 56 and y.
4
Suppose -o + 3*o - 3*a = 30, 0 = -3*o - a + 34. What is the greatest common factor of 3 and o?
3
Let i be (-42)/(-1) + 0 + -2. What is the greatest common factor of 8 and i?
8
Suppose -2*c = -6 - 0, 5*c + 9 = 4*o. Suppose o*h = h + 15. Suppose -3*s + 12 = 0, 3*u + h*s + 0*s = 24. Calculate the highest common factor of u and 2.
2
Let h be 79/8 - 5/(-40). Calculate the greatest common divisor of 10 and h.
10
Let w(s) = s**2 + 3*s + 3. Suppose -4*k + 8 = -3*o, -5*k + 3*o + 9 = -1. Suppose k*f + 9 = -3. Let c be w(f). What is the highest common divisor of c and 14?
7
Let n = -66 + 114. What is the greatest common factor of n and 6?
6
Suppose 2*u - 22 = 12. Let o = -2 + 19. What is the highest common factor of o and u?
17
Suppose -2*c + 15 = 4*d + c, 5*d + 3*c = 15. Suppose d = -l + 6*l - 20. Calculate the greatest common factor of l and 1.
1
Let p(v) = -1 + 5*v**2 - v**3 + 0 - 10*v + 11*v. Let d be p(4). Calculate the greatest common factor of 57 and d.
19
Let t(z) = z**3 + 5*z**2 + 3*z - 4. Let v be t(-3). Suppose 9*a - v*a = 168. Calculate the greatest common factor of a and 28.
14
Let g(r) = r**3 + 2*r**2 - 4*r. Let v be g(-3). Calculate the highest common factor of 12 and v.
3
Suppose -l - 3*y + 22 = 0, -l - 3*y = l - 44. Calculate the greatest common divisor of l and 11.
11
Let q(b) = 2*b**3 - b**2 - b + 1. Let d be q(1). Let m be 4*(-1)/(d + -2). Suppose -2*x + 1 = -1. Calculate the highest common factor of x and m.
1
Let y(s) = 3*s**2 + 2*s + 3. Let a be y(5). Calculate the highest common divisor of a and 11.
11
Let s(g) = g**3 + 9*g**2 + 5*g - 10. Let z be s(-8). Let k be -2 + 9/3 + -1. Suppose 0 = -5*i - k*i + 770. What is the highest common factor of z and i?
14
Suppose -18 = -2*o - h + 12, 3*o - 3*h - 45 = 0. Let i(n) = n**2 + n + 3. Let y be i(-4). Calculate the greatest common divisor of y and o.
15
Let x = 16 + -5. Suppose 0 = -3*z + 450 - 87. What is the greatest common divisor of x and z?
11
Let w be (5/2)/5*-6. Let j = 10 + w. Let c be (-124)/(-7) + 2/j. What is the greatest common divisor of 2 and c?
2
Let z(w) = -2*w**2 - 8 + 10*w - 9*w**2 - 4 + 8*w**3 - 9*w**3. Let x be z(-12). Calculate the greatest common factor of x and 4.
4
Let j(k) = -7*k - 16. Let o be j(-8). What is the greatest common factor of 16 and o?
8
Suppose -2*h - 2*h = 3*y - 25, -5*h + 55 = -y. What is the greatest common divisor of h and 110?
10
Let c = -8 - -10. Let i(t) = t**2 + t - 1. Let v be i(c). Calculate the highest common divisor of v and 35.
5
Suppose 2*u - 12 = u. Let j be 27/2 + (-6)/u. What is the greatest common factor of 52 and j?
13
Let k(x) = 2*x - 2. Let s be k(4). Let q be (-2)/4 + 69/s. What is the highest common factor of q and 121?
11
Let p = -11 - -53. Suppose 23 = 2*o - v, -2*v = -1 - 9. Calculate the greatest common divisor of p and o.
14
Let m(t) = -t**3 - 11*t**2 + 11*t - 12. Let p = -24 + 12. Let b be m(p). Suppose -f + 14 + b = 0. Calculate the highest common factor of f and 154.
14
Suppose -5*j + 4 + 16 = 0. Suppose 5*c + 9 = -b, 3*c = 5*b + 6*c + 1. Let h = j - b. What is the highest common factor of h and 9?
3
Suppose 0 = 2*i - 8, -3*i - 13 = -2*s - 3*s. Calculate the highest common factor of s and 35.
5
Let p = -12 - -14. Suppose 11 = p*i - 1. What is the greatest common factor of 15 and i?
3
Suppose -a + f = -7, 4*a - 5*f - 37 + 8 = 0. Let u = -6 + 0. Let w = -2 - u. What is the greatest common factor of a and w?
2
Let q(x) be the second derivative of 8*x**4/3 + x**2/2 + 7*x. Let y be q(-1). Calculate the greatest common divisor of 22 and y.
11
Let l = 58 - 44. Calculate the greatest common factor of 14 and l.
14
Let u be 2*1*(-12 - -1). Let q be 4/(u/12 - -2). Suppose -75 + 15 = -h. What is the highest common factor of h and q?
12
Let a = 82 + -73. Calculate the highest common divisor of 36 and a.
9
Let a(x) = 84*x + 5. Let d be a(5). Suppose 0 = -0*q - 5*q + d. Let k be 34/2 + 0/(-6) + 0. Calculate the greatest common divisor of k and q.
17
Let g be 4428/52 + 4/(-26). What is the greatest common divisor of g and 17?
17
Let d be 3*(9 + (1 - 4)). What is the greatest common factor of 12 and d?
6
Let l(b) = 2*b + 6. Suppose 0 = 4*o - 52. Let r be l(o). Suppose 0 = -4*t - 2*j + 202, -5*t = -2*t + 4*j - 164. Calculate the highest common factor of t and r.
16
Let j = 8 - 6. Let c be 0 + j - (-40 + 2). Suppose 21*w - 40 - 170 = 0. Calculate the greatest common factor of c and w.
10
Suppose -58 = -4*b + 2*m, -4*b + 5*m + 75 = 26. Calculate the greatest common factor of b and 176.
16
Suppose w - 3*p = -2*p + 5, -3*w + 33 = 3*p. Let g = -58 + 66. What is the greatest common factor of w and g?
8
Suppose -3*z + 16 = 2*p, 3*z + p = z + 10. Suppose 10 + 2 = z*n. Let u = n - -15. Calculate the greatest common factor of u and 27.
9
Let t(g) be the third derivative of -g**6/120 - g**5/30 + 7*g**4/24 + 5*g**3/6 + g**2. Let q be t(-5). What is the highest common divisor of 9 and q?
9
Let z(x) = x + 11. Let l be z(-8). Let p = -4 - -37. What is the highest common factor of p and l?
3
Let m be ((-12)/36)/(1/(-39)). Calculate the greatest common divisor of m and 13.
13
Suppose 0 = 5*m + 3*z - 30, m = 3*z - 2 + 8. Let x = m + 5. Suppose 0 = -2*i - i + 132. Calculate the highest common divisor of x and i.
11
Let j = -9 - -13. Suppose 3*p = j*a - 77, -4*a - a + p + 88 = 0. Calculate the greatest common factor of 17 and a.
17
Suppose 0 = 4*c + 2*z - 520, -2*c + 5*z + 506 = 2*c. What is the greatest common factor of c and 43?
43
Let y be (-405)/(-10) + (-1)/2. Let r be 21/12 - 1/(-4). Suppose -2*d + r = -18. What is the highest common factor of y and d?
10
Let x be 0 + 0 + 0 + 33. Suppose 2*r = 12 + 32. Calculate the highest common divisor of r and x.
11
Suppose 2*v = 3*x + 3*v - 20, 0 = 2*x + 2*v - 20. What is the greatest common factor of x and 25?
5
Let j = 58 + -34. Let r(m) = -3 - 3*m**3 - 3*m - 2*m**2 - 2*m**3 + 1. Let h be r(-2). Calculate the greatest common factor of h and j.
12
Let o(t) = t**3 - 12*t**2 - 11*t + 8. Let g be o(13). Calculate the highest common factor of g and 85.
17
Let b be (-35)/(-2) + 19/(-38). Calculate the highest common divisor of 119 and b.
17
Let l(a) = a**3 + 13*a**2 + 12*a + 28. Let f be l(-12). Calculate the greatest common divisor of 14 and f.
14
Suppose 4*t = -w + 158, 6*w - w = -3*t + 807. Suppose -w = -2*g - g. Calculate the greatest common factor of 135 and g.
27
Let g = 260 + -176. What is the highest common factor of g and 12?
12
Suppose -5*i - 11 = -2*z + 28, -5*z = i - 30. Let g be (-11)/(-7) - (-24)/(-42). Calculate the highest common factor of z and g.
1
Let b be ((-5)/(10/24))/(1 - 3). What is the greatest common factor of 42 and b?
6
Let v = -8 - -11. Suppose v*r - 45 = -9. What is the highest common factor of r and 8?
4
Let u = -29 + 50. What is the highest common factor of u and 168?
21
Let f be (14 - -1)/3 - (-6)/(-2). Suppose -5*h + 38 = -42. What is the greatest common factor of f and h?
2
Suppose 0*f + 3*f = 3*i - 132, -5*f = 2*i - 102. Let a = -10 - -79. What is the greatest common factor of a and i?
23
Suppose 0 = 5*w + 5*i - 905, -2*i + 238 = w + 52. Calculate the highest common factor of 22 and w.
22
Let v(k) = -k**3 - 5*k**2 - 4*k - 6. Let f be v(-6). Suppose 0 = -2*q - 5 - 3. Let i be 1 + 16 - (3 + q). What is the greatest common divisor of f and i?
18
Let q(d) be the second derivative of d**4/12 - d**3/6 + 5*d**2 + 3*d. Let n = 1 - 1. Let p be q(n). What is the greatest common divisor of 10 and p?
10
Let o(q) = -q - 2. Let x be o(-6). Let d be 5/5 + (-18)/2. Let y be (d - 2)*(0 + -2). What is the greatest common fac